ber?
True
Is 43759077233 a composite number?
True
Is 2290058621 a composite number?
False
Is 7147162787 a composite number?
False
Is 734049983 a prime number?
True
Is 53836238545 prime?
False
Is 26645354977 prime?
False
Is 1035907069 prime?
True
Is 20088169237 a composite number?
False
Is 8656043947 prime?
True
Is 134014159 composite?
False
Is 12618253855 prime?
False
Is 7539580361 prime?
False
Is 6306626279 composite?
True
Is 127716403 composite?
False
Is 14410106881 a prime number?
True
Is 3348514801 a prime number?
True
Is 1169409599 prime?
True
Is 2966583311 a composite number?
False
Is 5194579991 a prime number?
True
Is 636821951 prime?
False
Is 2417185997 prime?
False
Is 18606583679 a composite number?
True
Is 3209234317 prime?
True
Is 17682036689 prime?
True
Is 3199904423 composite?
False
Is 13807735197 a prime number?
False
Is 53013185707 a prime number?
False
Is 205350643 composite?
True
Is 494257381 a prime number?
False
Is 20395774807 prime?
True
Is 26906689129 prime?
False
Is 180813767 prime?
False
Is 4884122591 composite?
False
Is 10931631713 composite?
True
Is 1490801911 a composite number?
True
Is 2848345403 a prime number?
False
Is 88285853 a prime number?
False
Is 184451323 a composite number?
True
Is 116707883 a composite number?
True
Is 11703923761 composite?
True
Is 4826453677 prime?
False
Is 2533158799 composite?
True
Is 14770835609 prime?
False
Is 2258933711 prime?
True
Is 3589939633 a composite number?
True
Is 32977371389 composite?
True
Is 26158398271 prime?
False
Is 2019389761 a composite number?
True
Is 1398307039 a composite number?
True
Is 421785955 a prime number?
False
Is 6376345 composite?
True
Is 9956999963 a prime number?
True
Is 40637593327 composite?
False
Is 617879627 composite?
False
Is 24559246663 prime?
False
Is 582738659 a composite number?
True
Is 2282407241 prime?
False
Is 6513028007 a composite number?
False
Is 7370996669 prime?
False
Is 90371563 a composite number?
False
Is 130618291 a composite number?
True
Is 86906731 a prime number?
True
Is 6143267899 a composite number?
False
Is 26903675957 composite?
False
Is 69279559 prime?
True
Is 616187282 a prime number?
False
Is 36103779913 a prime number?
True
Is 12439823329 prime?
True
Is 2263169413 a prime number?
True
Is 2561192111 prime?
True
Is 87546918637 prime?
True
Is 16138259453 composite?
True
Is 1737772379 a composite number?
True
Is 20031320927 a composite number?
False
Is 26734805437 prime?
False
Is 620714651 a composite number?
False
Is 1497064953 composite?
True
Is 42383253173 a composite number?
True
Is 28512496277 composite?
True
Is 17210775919 composite?
False
Is 314084423 a prime number?
True
Is 2227946801 a prime number?
True
Is 600762817 composite?
False
Is 263195759 prime?
True
Is 1934526029 a prime number?
False
Is 740050933 composite?
False
Is 7747387481 composite?
True
Is 4085789017 prime?
True
Is 18171571661 a composite number?
True
Is 145280407 a prime number?
True
Is 21632434307 a prime number?
False
Is 39466915841 composite?
False
Is 4185605011 prime?
False
Is 2129998709 a composite number?
False
Is 618553681 prime?
True
Is 169655287 prime?
True
Is 228368369707 a composite number?
True
Is 669036083 a prime number?
True
Is 51417996577 a prime number?
False
Is 43513157 composite?
True
Is 89848359629 composite?
True
Is 2219292707 composite?
False
Is 68313139577 composite?
False
Is 1142486339 composite?
False
Is 1376597999 a prime number?
False
Is 68428994417 a composite number?
True
Is 83942768171 a prime number?
True
Is 800631347 a composite number?
True
Is 1225289147 a prime number?
True
Is 10507725898 prime?
False
Is 4251620278 composite?
True
Is 146358105133 prime?
True
Is 25433331949 a prime number?
True
Is 2529153559 composite?
True
Is 21851253931 a composite number?
True
Is 21566216093 a prime number?
True
Is 12486017939 a composite number?
False
Is 1386707947 a prime number?
True
Is 3037786811 a composite number?
False
Is 193636141 a prime number?
True
Is 32781995767 composite?
False
Is 1108630757 composite?
True
Is 1451261941 a prime number?
True
Is 17897263183 a prime number?
False
Is 4982303449 a composite number?
True
Is 18897828611 a prime number?
True
Is 834109379 composite?
False
Is 5036381731 prime?
True
Is 13197615407 prime?
False
Is 261350657 prime?
False
Is 105148812617 a prime number?
False
Is 23890873319 a prime number?
True
Is 17003303621 a composite number?
False
Is 10514192581 composite?
True
Is 16454170121 a prime number?
True
Is 1661762429 a prime number?
False
Is 4716477821 a composite number?
True
Is 631175059 composite?
False
Is 1364162147 a composite number?
False
Is 81709268969 composite?
True
Is 813361069 a composite number?
False
Is 5385109297 a prime number?
True
Is 8971994467 prime?
True
Is 35449846283 a composite number?
False
Is 119208577 a composite number?
True
Is 764542255 prime?
False
Is 46883573219 composite?
True
Is 1840497847 a composite number?
True
Is 1845873903 a prime number?
False
Is 3555787913 composite?
False
Is 275379835 composite?
True
Is 4448194579 prime?
True
Is 606402257 a prime number?
False
Is 3133664959 prime?
False
Is 612461 a prime number?
False
Is 38923028149 a composite number?
False
Is 15264579067 composite?
True
Is 9656125771 composite?
False
Is 2249834771 a composite number?
True
Is 11615260979 prime?
False
Is 18144825329 a composite number?
False
Is 2077980599 composite?
True
Is 7245786407 a composite number?
False
Is 11624397 a composite number?
True
Is 1473730163 a prime number?
True
Is 7262864351 a prime number?
True
Is 12003647107 a composite number?
True
Is 70436438789 a prime number?
False
Is 1187895617 composite?
False
Is 49735722541 a prime number?
True
Is 113983663 prime?
True
Is 78881402 a composite number?
True
Is 100548887 prime?
False
Is 949849433 composite?
True
Is 8280917399 composite?
False
Is 4077252521 a composite number?
False
Is 539737787 prime?
True
Is 68769619 a prime number?
True
Is 4038005567 composite?
True
Is 2364928669 composite?
True
Is 1918834331 a prime number?
True
Is 7652831959 a composite number?
False
Is 4749661801 a composite number?
False
Is 1750313267 prime?
True
Is 550303729 prime?
True
Is 25636221607 prime?
True
Is 4427123653 composite?
False
Is 15705702221 a prime number?
False
Is 18601837347 a composite number?
True
Is 4068745451 a composite number?
False
Is 121001737 composite?
True
Is 1136417033 composite?
False
Is 12168694403 a composite number?
False
Is 6647069651 a prime number?
True
Is 3292543781 a composite number?
True
Is 4148625647 composite?
False
Is 746017433 prime?
False
Is 24161533399 composite?
True
Is 41327123909 a prime number?
False
Is 8815699259 prime?
False
Is 148565272369 a composite number?
False
Is 276258106651 prime?
True
Is 2327735129 composite?
True
Is 31573867271 composite?
False
Is 184261852471 a prime number?
True
Is 2056707797 a prime number?
False
Is 9139166338 prime?
False
Is 40127407 composite?
False
Is 1997096527 composite?
False
Is 6595707757 a composite number?
True
Is 3332232251 a composite number?
True
Is 4677221231 a prime number?
False
Is 94301773 prime?
False
Is 4830040069 prime?
True
Is 16836256499 a prime number?
True
Is 60081550939 a composite number?
True
Is 798506581 a composite number?
True
Is 1299006217 a composite number?
True
Is 39207338231 prime?
True
Is 2272770287 a prime number?
True
Is 321990673 composite?
False
Is 4636892371 prime?
True
Is 59776357 a composite number?
False
Is 1238510795 prime?
False
Is 369640717 a prime number?
True
Is 47180481787 composite?
False
Is 5500266467 prime?
False
Is 3036207571 prime?
True
Is 29644061717 a prime number?
True
Is 49933817 a prime number?
False
Is 1983309787 prime?
False
Is 183519340057 prime?
True
Is 4041411389 prime?
True
Is 64172838419 a prime number?
True
Is 3551371877 composite?
True
Is 13724388121 prime?
False
Is 75562353767 a composite number?
True
Is 1281981479 prime?
False
Is 84073927 a prime number?
False
Is 16657341647 prime?
True
Is 1402483921 composite?
False
Is 10034253797 composite?
True
Is 361090993 composite?
True
Is 522892371799 prime?
False
Is 836590163 a composite number?
False
Is 939631171 a composite number?
False
Is 99566101 composite?
False
Is 1814191813 composite?
True
Is 889859219 a composite number?